{"id":6774,"date":"2025-10-03T16:05:47","date_gmt":"2025-10-03T16:05:47","guid":{"rendered":"https:\/\/araisemprecultura.cat\/index.php\/pois\/ball-de-pastorets-de-cubelles\/"},"modified":"2025-10-12T10:18:16","modified_gmt":"2025-10-12T10:18:16","slug":"ball-de-pastorets-de-cubelles","status":"publish","type":"poi","link":"https:\/\/araisemprecultura.cat\/index.php\/pois\/ball-de-pastorets-de-cubelles\/","title":{"rendered":"Ball de Pastorets de Cubelles"},"content":{"rendered":"\n<!-- Dades b\u00e0siques -->\n<section>\n  <h2>Dades b\u00e0siques<\/h2>\n  <ul>\n    <li><strong>Comarca:<\/strong> Garraf<\/li>\n    <li><strong>Any de creaci\u00f3:<\/strong> 1994<\/li>\n  <\/ul>\n<\/section>\n\n<!-- Motiu -->\n<section>\n  <h2>Motiu pel qual ballem<\/h2>\n  <p>\n    Actuar en les diferents festes del municipi, amb versos fets per N\u00faria Fonoll Carbonell, de forma expressa per la colla, amb contingut relacionat amb Cubelles.\n  <\/p>\n<\/section>\n\n<!-- Calendari -->\n<section>\n  <h2>Calendari<\/h2>\n  <ul>\n    <li><strong>Per\u00edode d\u2019assajos:<\/strong> de mar\u00e7 a agost<\/li>\n    <li><strong>Per\u00edode d\u2019actuacions:<\/strong> abril i agost<\/li>\n  <\/ul>\n<\/section>\n\n<!-- Actuacions fixes -->\n<section>\n  <h2>Actuacions fixes a l\u2019any<\/h2>\n  <ul>\n    <li>Setmana Cultural: cap de setmana m\u00e9s proper a Sant Jordi<\/li>\n    <li>Festa Major: 14 i 15 d\u2019agost<\/li>\n  <\/ul>\n<\/section>\n\n<!-- Repertori -->\n<section>\n  <h2>Repertori<\/h2>\n  <p>Els nostres balls m\u00e9s caracter\u00edstics s\u00f3n:<\/p>\n  <ul>\n    <li>Ball<\/li>\n    <li>Boja<\/li>\n    <li>\u201cL\u201d<\/li>\n    <li>Serp<\/li>\n    <li>Boja r\u00e0pida<\/li>\n    <li>D\u00f2mino<\/li>\n    <li>Font<\/li>\n  <\/ul>\n<\/section>\n\n<!-- Perfil de dansaires -->\n<section>\n  <h2>Perfil de dansaires<\/h2>\n\n  <h3>G\u00e8nere<\/h3>\n  <ul style=\"list-style:none; padding:0; margin:0;\">\n    <li><span style=\"color:#cf7268\">\u25a0<\/span> Dones: 63%<\/li>\n    <li><span style=\"color:#e39b6b\">\u25a0<\/span> Homes: 37%<\/li>\n    <li><span style=\"color:#d2c58a\">\u25a0<\/span> No binari: 0%<\/li>\n  <\/ul>\n\n  <h3>Edat<\/h3>\n  <ul style=\"list-style:none; padding:0; margin:0;\">\n    <li><span style=\"color:#87ca79\">\u25a0<\/span> -16: 54%<\/li>\n    <li><span style=\"color:#8aa7c8\">\u25a0<\/span> 16-35: 46%<\/li>\n    <li><span style=\"color:#b16eb1\">\u25a0<\/span> 35-65: 0%<\/li>\n    <li><span style=\"color:#de9ac9\">\u25a0<\/span> +65: 0%<\/li>\n  <\/ul>\n<\/section>\n\n\n\n<figure class=\"wp-block-image size-large\"><img fetchpriority=\"high\" decoding=\"async\" width=\"1024\" height=\"768\" src=\"https:\/\/araisemprecultura.cat\/wp-content\/uploads\/2025\/10\/Ball-de-Pastorets-de-Cubelles-1-1024x768.png\" alt=\"\" class=\"wp-image-6956\" srcset=\"https:\/\/araisemprecultura.cat\/wp-content\/uploads\/2025\/10\/Ball-de-Pastorets-de-Cubelles-1-1024x768.png 1024w, https:\/\/araisemprecultura.cat\/wp-content\/uploads\/2025\/10\/Ball-de-Pastorets-de-Cubelles-1-300x225.png 300w, https:\/\/araisemprecultura.cat\/wp-content\/uploads\/2025\/10\/Ball-de-Pastorets-de-Cubelles-1-768x576.png 768w, https:\/\/araisemprecultura.cat\/wp-content\/uploads\/2025\/10\/Ball-de-Pastorets-de-Cubelles-1-1536x1152.png 1536w, https:\/\/araisemprecultura.cat\/wp-content\/uploads\/2025\/10\/Ball-de-Pastorets-de-Cubelles-1-1200x900.png 1200w, https:\/\/araisemprecultura.cat\/wp-content\/uploads\/2025\/10\/Ball-de-Pastorets-de-Cubelles-1.png 1728w\" sizes=\"(max-width: 1024px) 100vw, 1024px\" \/><\/figure>\n","protected":false},"featured_media":0,"template":"","poi_category":[25],"class_list":["post-6774","poi","type-poi","status-publish","hentry"],"acf":[],"yoast_head":"<!-- This site is optimized with the Yoast SEO plugin v21.8 - https:\/\/yoast.com\/wordpress\/plugins\/seo\/ -->\n<title>Ball de Pastorets de Cubelles - ARA I SEMPRE<\/title>\n<meta name=\"robots\" content=\"index, follow, max-snippet:-1, max-image-preview:large, max-video-preview:-1\" \/>\n<link rel=\"canonical\" href=\"https:\/\/araisemprecultura.cat\/index.php\/pois\/ball-de-pastorets-de-cubelles\/\" \/>\n<meta property=\"og:locale\" content=\"ca_ES\" \/>\n<meta property=\"og:type\" content=\"article\" \/>\n<meta property=\"og:title\" content=\"Ball de Pastorets de Cubelles - ARA I SEMPRE\" \/>\n<meta property=\"og:description\" content=\"Dades b\u00e0siques Comarca: Garraf Any de creaci\u00f3: 1994 Motiu pel qual ballem Actuar en les diferents festes del municipi, amb versos fets per N\u00faria Fonoll Carbonell, de forma expressa per la colla, amb contingut relacionat amb Cubelles. Calendari Per\u00edode d\u2019assajos: de mar\u00e7 a agost Per\u00edode d\u2019actuacions: abril i agost Actuacions fixes a l\u2019any Setmana Cultural: [&hellip;]\" \/>\n<meta property=\"og:url\" content=\"https:\/\/araisemprecultura.cat\/index.php\/pois\/ball-de-pastorets-de-cubelles\/\" \/>\n<meta property=\"og:site_name\" content=\"ARA I SEMPRE\" \/>\n<meta property=\"article:modified_time\" content=\"2025-10-12T10:18:16+00:00\" \/>\n<meta property=\"og:image\" content=\"https:\/\/araisemprecultura.cat\/wp-content\/uploads\/2025\/10\/Ball-de-Pastorets-de-Cubelles-1-1024x768.png\" \/>\n<meta name=\"twitter:card\" content=\"summary_large_image\" \/>\n<meta name=\"twitter:label1\" content=\"Temps estimat de lectura\" \/>\n\t<meta name=\"twitter:data1\" content=\"1 minut\" \/>\n<script type=\"application\/ld+json\" class=\"yoast-schema-graph\">{\"@context\":\"https:\/\/schema.org\",\"@graph\":[{\"@type\":\"WebPage\",\"@id\":\"https:\/\/araisemprecultura.cat\/index.php\/pois\/ball-de-pastorets-de-cubelles\/\",\"url\":\"https:\/\/araisemprecultura.cat\/index.php\/pois\/ball-de-pastorets-de-cubelles\/\",\"name\":\"Ball de Pastorets de Cubelles - ARA I SEMPRE\",\"isPartOf\":{\"@id\":\"https:\/\/araisemprecultura.cat\/#website\"},\"datePublished\":\"2025-10-03T16:05:47+00:00\",\"dateModified\":\"2025-10-12T10:18:16+00:00\",\"breadcrumb\":{\"@id\":\"https:\/\/araisemprecultura.cat\/index.php\/pois\/ball-de-pastorets-de-cubelles\/#breadcrumb\"},\"inLanguage\":\"ca\",\"potentialAction\":[{\"@type\":\"ReadAction\",\"target\":[\"https:\/\/araisemprecultura.cat\/index.php\/pois\/ball-de-pastorets-de-cubelles\/\"]}]},{\"@type\":\"BreadcrumbList\",\"@id\":\"https:\/\/araisemprecultura.cat\/index.php\/pois\/ball-de-pastorets-de-cubelles\/#breadcrumb\",\"itemListElement\":[{\"@type\":\"ListItem\",\"position\":1,\"name\":\"Inici\",\"item\":\"https:\/\/araisemprecultura.cat\/\"},{\"@type\":\"ListItem\",\"position\":2,\"name\":\"POIs\",\"item\":\"https:\/\/araisemprecultura.cat\/index.php\/pois\/\"},{\"@type\":\"ListItem\",\"position\":3,\"name\":\"Ball de Pastorets de Cubelles\"}]},{\"@type\":\"WebSite\",\"@id\":\"https:\/\/araisemprecultura.cat\/#website\",\"url\":\"https:\/\/araisemprecultura.cat\/\",\"name\":\"ARA I SEMPRE\",\"description\":\"\",\"publisher\":{\"@id\":\"https:\/\/araisemprecultura.cat\/#organization\"},\"potentialAction\":[{\"@type\":\"SearchAction\",\"target\":{\"@type\":\"EntryPoint\",\"urlTemplate\":\"https:\/\/araisemprecultura.cat\/?s={search_term_string}\"},\"query-input\":\"required name=search_term_string\"}],\"inLanguage\":\"ca\"},{\"@type\":\"Organization\",\"@id\":\"https:\/\/araisemprecultura.cat\/#organization\",\"name\":\"ARA I SEMPRE\",\"url\":\"https:\/\/araisemprecultura.cat\/\",\"logo\":{\"@type\":\"ImageObject\",\"inLanguage\":\"ca\",\"@id\":\"https:\/\/araisemprecultura.cat\/#\/schema\/logo\/image\/\",\"url\":\"https:\/\/araisemprecultura.cat\/wp-content\/uploads\/2022\/02\/Disseny-imatge-ara-i-sempre-161.png\",\"contentUrl\":\"https:\/\/araisemprecultura.cat\/wp-content\/uploads\/2022\/02\/Disseny-imatge-ara-i-sempre-161.png\",\"width\":\"1962\",\"height\":\"713\",\"caption\":\"ARA I SEMPRE\"},\"image\":{\"@id\":\"https:\/\/araisemprecultura.cat\/#\/schema\/logo\/image\/\"}}]}<\/script>\n<!-- \/ Yoast SEO plugin. -->","yoast_head_json":{"title":"Ball de Pastorets de Cubelles - ARA I SEMPRE","robots":{"index":"index","follow":"follow","max-snippet":"max-snippet:-1","max-image-preview":"max-image-preview:large","max-video-preview":"max-video-preview:-1"},"canonical":"https:\/\/araisemprecultura.cat\/index.php\/pois\/ball-de-pastorets-de-cubelles\/","og_locale":"ca_ES","og_type":"article","og_title":"Ball de Pastorets de Cubelles - ARA I SEMPRE","og_description":"Dades b\u00e0siques Comarca: Garraf Any de creaci\u00f3: 1994 Motiu pel qual ballem Actuar en les diferents festes del municipi, amb versos fets per N\u00faria Fonoll Carbonell, de forma expressa per la colla, amb contingut relacionat amb Cubelles. Calendari Per\u00edode d\u2019assajos: de mar\u00e7 a agost Per\u00edode d\u2019actuacions: abril i agost Actuacions fixes a l\u2019any Setmana Cultural: [&hellip;]","og_url":"https:\/\/araisemprecultura.cat\/index.php\/pois\/ball-de-pastorets-de-cubelles\/","og_site_name":"ARA I SEMPRE","article_modified_time":"2025-10-12T10:18:16+00:00","og_image":[{"url":"https:\/\/araisemprecultura.cat\/wp-content\/uploads\/2025\/10\/Ball-de-Pastorets-de-Cubelles-1-1024x768.png"}],"twitter_card":"summary_large_image","twitter_misc":{"Temps estimat de lectura":"1 minut"},"schema":{"@context":"https:\/\/schema.org","@graph":[{"@type":"WebPage","@id":"https:\/\/araisemprecultura.cat\/index.php\/pois\/ball-de-pastorets-de-cubelles\/","url":"https:\/\/araisemprecultura.cat\/index.php\/pois\/ball-de-pastorets-de-cubelles\/","name":"Ball de Pastorets de Cubelles - ARA I SEMPRE","isPartOf":{"@id":"https:\/\/araisemprecultura.cat\/#website"},"datePublished":"2025-10-03T16:05:47+00:00","dateModified":"2025-10-12T10:18:16+00:00","breadcrumb":{"@id":"https:\/\/araisemprecultura.cat\/index.php\/pois\/ball-de-pastorets-de-cubelles\/#breadcrumb"},"inLanguage":"ca","potentialAction":[{"@type":"ReadAction","target":["https:\/\/araisemprecultura.cat\/index.php\/pois\/ball-de-pastorets-de-cubelles\/"]}]},{"@type":"BreadcrumbList","@id":"https:\/\/araisemprecultura.cat\/index.php\/pois\/ball-de-pastorets-de-cubelles\/#breadcrumb","itemListElement":[{"@type":"ListItem","position":1,"name":"Inici","item":"https:\/\/araisemprecultura.cat\/"},{"@type":"ListItem","position":2,"name":"POIs","item":"https:\/\/araisemprecultura.cat\/index.php\/pois\/"},{"@type":"ListItem","position":3,"name":"Ball de Pastorets de Cubelles"}]},{"@type":"WebSite","@id":"https:\/\/araisemprecultura.cat\/#website","url":"https:\/\/araisemprecultura.cat\/","name":"ARA I SEMPRE","description":"","publisher":{"@id":"https:\/\/araisemprecultura.cat\/#organization"},"potentialAction":[{"@type":"SearchAction","target":{"@type":"EntryPoint","urlTemplate":"https:\/\/araisemprecultura.cat\/?s={search_term_string}"},"query-input":"required name=search_term_string"}],"inLanguage":"ca"},{"@type":"Organization","@id":"https:\/\/araisemprecultura.cat\/#organization","name":"ARA I SEMPRE","url":"https:\/\/araisemprecultura.cat\/","logo":{"@type":"ImageObject","inLanguage":"ca","@id":"https:\/\/araisemprecultura.cat\/#\/schema\/logo\/image\/","url":"https:\/\/araisemprecultura.cat\/wp-content\/uploads\/2022\/02\/Disseny-imatge-ara-i-sempre-161.png","contentUrl":"https:\/\/araisemprecultura.cat\/wp-content\/uploads\/2022\/02\/Disseny-imatge-ara-i-sempre-161.png","width":"1962","height":"713","caption":"ARA I SEMPRE"},"image":{"@id":"https:\/\/araisemprecultura.cat\/#\/schema\/logo\/image\/"}}]}},"_links":{"self":[{"href":"https:\/\/araisemprecultura.cat\/index.php\/wp-json\/wp\/v2\/poi\/6774","targetHints":{"allow":["GET"]}}],"collection":[{"href":"https:\/\/araisemprecultura.cat\/index.php\/wp-json\/wp\/v2\/poi"}],"about":[{"href":"https:\/\/araisemprecultura.cat\/index.php\/wp-json\/wp\/v2\/types\/poi"}],"wp:attachment":[{"href":"https:\/\/araisemprecultura.cat\/index.php\/wp-json\/wp\/v2\/media?parent=6774"}],"wp:term":[{"taxonomy":"poi_category","embeddable":true,"href":"https:\/\/araisemprecultura.cat\/index.php\/wp-json\/wp\/v2\/poi_category?post=6774"}],"curies":[{"name":"wp","href":"https:\/\/api.w.org\/{rel}","templated":true}]}}

<!-- Dades bàsiques -->
<section>
  <h2>Dades bàsiques</h2>
  <ul>
    <li><strong>Comarca:</strong> Garraf</li>
    <li><strong>Any de creació:</strong> 1994</li>
  </ul>
</section>

<!-- Motiu -->
<section>
  <h2>Motiu pel qual ballem</h2>
  <p>
    Actuar en les diferents festes del municipi, amb versos fets per Núria Fonoll Carbonell, de forma expressa per la colla, amb contingut relacionat amb Cubelles.
  </p>
</section>

<!-- Calendari -->
<section>
  <h2>Calendari</h2>
  <ul>
    <li><strong>Període d’assajos:</strong> de març a agost</li>
    <li><strong>Període d’actuacions:</strong> abril i agost</li>
  </ul>
</section>

<!-- Actuacions fixes -->
<section>
  <h2>Actuacions fixes a l’any</h2>
  <ul>
    <li>Setmana Cultural: cap de setmana més proper a Sant Jordi</li>
    <li>Festa Major: 14 i 15 d’agost</li>
  </ul>
</section>

<!-- Repertori -->
<section>
  <h2>Repertori</h2>
  <p>Els nostres balls més característics són:</p>
  <ul>
    <li>Ball</li>
    <li>Boja</li>
    <li>“L”</li>
    <li>Serp</li>
    <li>Boja ràpida</li>
    <li>Dòmino</li>
    <li>Font</li>
  </ul>
</section>

<!-- Perfil de dansaires -->
<section>
  <h2>Perfil de dansaires</h2>

  <h3>Gènere</h3>
  <ul style="list-style:none; padding:0; margin:0;">
    <li><span style="color:#cf7268">■</span> Dones: 63%</li>
    <li><span style="color:#e39b6b">■</span> Homes: 37%</li>
    <li><span style="color:#d2c58a">■</span> No binari: 0%</li>
  </ul>

  <h3>Edat</h3>
  <ul style="list-style:none; padding:0; margin:0;">
    <li><span style="color:#87ca79">■</span> -16: 54%</li>
    <li><span style="color:#8aa7c8">■</span> 16-35: 46%</li>
    <li><span style="color:#b16eb1">■</span> 35-65: 0%</li>
    <li><span style="color:#de9ac9">■</span> +65: 0%</li>
  </ul>
</section>



<figure class="wp-block-image size-large"><img fetchpriority="high" decoding="async" width="1024" height="768" src="https://araisemprecultura.cat/wp-content/uploads/2025/10/Ball-de-Pastorets-de-Cubelles-1-1024x768.png" alt="" class="wp-image-6956" srcset="https://araisemprecultura.cat/wp-content/uploads/2025/10/Ball-de-Pastorets-de-Cubelles-1-1024x768.png 1024w, https://araisemprecultura.cat/wp-content/uploads/2025/10/Ball-de-Pastorets-de-Cubelles-1-300x225.png 300w, https://araisemprecultura.cat/wp-content/uploads/2025/10/Ball-de-Pastorets-de-Cubelles-1-768x576.png 768w, https://araisemprecultura.cat/wp-content/uploads/2025/10/Ball-de-Pastorets-de-Cubelles-1-1536x1152.png 1536w, https://araisemprecultura.cat/wp-content/uploads/2025/10/Ball-de-Pastorets-de-Cubelles-1-1200x900.png 1200w, https://araisemprecultura.cat/wp-content/uploads/2025/10/Ball-de-Pastorets-de-Cubelles-1.png 1728w" sizes="(max-width: 1024px) 100vw, 1024px" /></figure>

<!-- This site is optimized with the Yoast SEO plugin v21.8 - https://yoast.com/wordpress/plugins/seo/ -->
<title>Ball de Pastorets de Cubelles - ARA I SEMPRE</title>
<meta name="robots" content="index, follow, max-snippet:-1, max-image-preview:large, max-video-preview:-1" />
<link rel="canonical" href="https://araisemprecultura.cat/index.php/pois/ball-de-pastorets-de-cubelles/" />
<meta property="og:locale" content="ca_ES" />
<meta property="og:type" content="article" />
<meta property="og:title" content="Ball de Pastorets de Cubelles - ARA I SEMPRE" />
<meta property="og:description" content="Dades bàsiques Comarca: Garraf Any de creació: 1994 Motiu pel qual ballem Actuar en les diferents festes del municipi, amb versos fets per Núria Fonoll Carbonell, de forma expressa per la colla, amb contingut relacionat amb Cubelles. Calendari Període d’assajos: de març a agost Període d’actuacions: abril i agost Actuacions fixes a l’any Setmana Cultural: [&hellip;]" />
<meta property="og:url" content="https://araisemprecultura.cat/index.php/pois/ball-de-pastorets-de-cubelles/" />
<meta property="og:site_name" content="ARA I SEMPRE" />
<meta property="article:modified_time" content="2025-10-12T10:18:16+00:00" />
<meta property="og:image" content="https://araisemprecultura.cat/wp-content/uploads/2025/10/Ball-de-Pastorets-de-Cubelles-1-1024x768.png" />
<meta name="twitter:card" content="summary_large_image" />
<meta name="twitter:label1" content="Temps estimat de lectura" />
	<meta name="twitter:data1" content="1 minut" />
<script type="application/ld+json" class="yoast-schema-graph">{"@context":"https://schema.org","@graph":[{"@type":"WebPage","@id":"https://araisemprecultura.cat/index.php/pois/ball-de-pastorets-de-cubelles/","url":"https://araisemprecultura.cat/index.php/pois/ball-de-pastorets-de-cubelles/","name":"Ball de Pastorets de Cubelles - ARA I SEMPRE","isPartOf":{"@id":"https://araisemprecultura.cat/#website"},"datePublished":"2025-10-03T16:05:47+00:00","dateModified":"2025-10-12T10:18:16+00:00","breadcrumb":{"@id":"https://araisemprecultura.cat/index.php/pois/ball-de-pastorets-de-cubelles/#breadcrumb"},"inLanguage":"ca","potentialAction":[{"@type":"ReadAction","target":["https://araisemprecultura.cat/index.php/pois/ball-de-pastorets-de-cubelles/"]}]},{"@type":"BreadcrumbList","@id":"https://araisemprecultura.cat/index.php/pois/ball-de-pastorets-de-cubelles/#breadcrumb","itemListElement":[{"@type":"ListItem","position":1,"name":"Inici","item":"https://araisemprecultura.cat/"},{"@type":"ListItem","position":2,"name":"POIs","item":"https://araisemprecultura.cat/index.php/pois/"},{"@type":"ListItem","position":3,"name":"Ball de Pastorets de Cubelles"}]},{"@type":"WebSite","@id":"https://araisemprecultura.cat/#website","url":"https://araisemprecultura.cat/","name":"ARA I SEMPRE","description":"","publisher":{"@id":"https://araisemprecultura.cat/#organization"},"potentialAction":[{"@type":"SearchAction","target":{"@type":"EntryPoint","urlTemplate":"https://araisemprecultura.cat/?s={search_term_string}"},"query-input":"required name=search_term_string"}],"inLanguage":"ca"},{"@type":"Organization","@id":"https://araisemprecultura.cat/#organization","name":"ARA I SEMPRE","url":"https://araisemprecultura.cat/","logo":{"@type":"ImageObject","inLanguage":"ca","@id":"https://araisemprecultura.cat/#/schema/logo/image/","url":"https://araisemprecultura.cat/wp-content/uploads/2022/02/Disseny-imatge-ara-i-sempre-161.png","contentUrl":"https://araisemprecultura.cat/wp-content/uploads/2022/02/Disseny-imatge-ara-i-sempre-161.png","width":"1962","height":"713","caption":"ARA I SEMPRE"},"image":{"@id":"https://araisemprecultura.cat/#/schema/logo/image/"}}]}</script>
<!-- / Yoast SEO plugin. -->

Dades bàsiques Comarca: Garraf Any de creació: 1994 Motiu pel qual ballem Actuar en les diferents festes del municipi, amb versos fets per Núria Fonoll Carbonell, de forma expressa per la colla, amb contingut relacionat amb Cubelles. Calendari Període d’assajos: de març a agost Període d’actuacions: abril i agost Actuacions fixes a l’any Setmana Cultural: [&hellip;]
