{"id":6721,"date":"2025-10-03T16:05:32","date_gmt":"2025-10-03T16:05:32","guid":{"rendered":"https:\/\/araisemprecultura.cat\/index.php\/pois\/colla-nova-de-bastons-de-castelldefels\/"},"modified":"2025-10-12T11:08:25","modified_gmt":"2025-10-12T11:08:25","slug":"colla-nova-de-bastons-de-castelldefels","status":"publish","type":"poi","link":"https:\/\/araisemprecultura.cat\/index.php\/pois\/colla-nova-de-bastons-de-castelldefels\/","title":{"rendered":"Colla Nova de Bastons de Castelldefels"},"content":{"rendered":"\n<!-- Dades b\u00e0siques -->\n<section>\n  <h2>Dades b\u00e0siques<\/h2>\n  <ul>\n    <li><strong>Comarca:<\/strong> Baix Llobregat<\/li>\n    <li><strong>Any de creaci\u00f3:<\/strong> 2004<\/li>\n  <\/ul>\n<\/section>\n\n<!-- Motiu -->\n<section>\n  <h2>Motiu pel qual ballem<\/h2>\n  <p>\n    Fa m\u00e9s de vint anys que actuem en les nostres festes majors i aplecs, i en trobades culturals per tota Catalunya. \n    A m\u00e9s, hem apadrinat i ajudat a formar altres colles de Bastons com per exemple els bastoners de Sant Climent del Llobregat, \n    els Paltrucs de Banyoles o les Esventades de Molins de Rei.\n  <\/p>\n<\/section>\n\n<!-- Calendari -->\n<section>\n  <h2>Calendari<\/h2>\n  <ul>\n    <li><strong>Per\u00edode d\u2019assajos:<\/strong> de febrer a novembre<\/li>\n    <li><strong>Per\u00edode d\u2019actuacions:<\/strong> de mar\u00e7 a desembre, excepte juliol<\/li>\n  <\/ul>\n<\/section>\n\n<!-- Actuacions fixes -->\n<section>\n  <h2>Actuacions fixes a l\u2019any<\/h2>\n  <ul>\n    <li>Aplec de Bruguers: juny<\/li>\n    <li>Festa Major d\u2019estiu: 14 i 15 d\u2019agost<\/li>\n    <li>Trobada de Castelldefels: setembre<\/li>\n    <li>Festa Major d\u2019hivern: 7 i 8 de desembre<\/li>\n  <\/ul>\n<\/section>\n\n<!-- Repertori -->\n<section>\n  <h2>Repertori<\/h2>\n  <p>Els nostres 5 balls m\u00e9s caracter\u00edstics s\u00f3n:<\/p>\n  <ul>\n    <li>Entrevinyes<\/li>\n    <li>Creus en Festa<\/li>\n    <li>Rumbeta Bastonera<\/li>\n    <li>El Cap de la Vila<\/li>\n    <li>Ball del Comprom\u00eds<\/li>\n  <\/ul>\n<\/section>\n\n<!-- Perfil de dansaires -->\n<section>\n  <h2>Perfil de dansaires<\/h2>\n\n  <h3>G\u00e8nere<\/h3>\n  <ul style=\"list-style:none; padding:0; margin:0;\">\n    <li><span style=\"color:#cf7268\">\u25a0<\/span> Dones: 52%<\/li>\n    <li><span style=\"color:#e39b6b\">\u25a0<\/span> Homes: 48%<\/li>\n    <li><span style=\"color:#d2c58a\">\u25a0<\/span> No binari: 0%<\/li>\n  <\/ul>\n\n  <h3>Edat<\/h3>\n  <ul style=\"list-style:none; padding:0; margin:0;\">\n    <li><span style=\"color:#87ca79\">\u25a0<\/span> -16: 0%<\/li>\n    <li><span style=\"color:#8aa7c8\">\u25a0<\/span> 16-35: 88%<\/li>\n    <li><span style=\"color:#b16eb1\">\u25a0<\/span> 35-65: 12%<\/li>\n    <li><span style=\"color:#de9ac9\">\u25a0<\/span> +65: 0%<\/li>\n  <\/ul>\n<\/section>\n\n\n\n<figure class=\"wp-block-image size-large\"><img fetchpriority=\"high\" decoding=\"async\" width=\"868\" height=\"1024\" src=\"https:\/\/araisemprecultura.cat\/wp-content\/uploads\/2025\/10\/Colla-nova-de-Castelldefels-868x1024.png\" alt=\"\" class=\"wp-image-6883\" srcset=\"https:\/\/araisemprecultura.cat\/wp-content\/uploads\/2025\/10\/Colla-nova-de-Castelldefels-868x1024.png 868w, https:\/\/araisemprecultura.cat\/wp-content\/uploads\/2025\/10\/Colla-nova-de-Castelldefels-254x300.png 254w, https:\/\/araisemprecultura.cat\/wp-content\/uploads\/2025\/10\/Colla-nova-de-Castelldefels-768x906.png 768w, https:\/\/araisemprecultura.cat\/wp-content\/uploads\/2025\/10\/Colla-nova-de-Castelldefels-1303x1536.png 1303w, https:\/\/araisemprecultura.cat\/wp-content\/uploads\/2025\/10\/Colla-nova-de-Castelldefels-1737x2048.png 1737w, https:\/\/araisemprecultura.cat\/wp-content\/uploads\/2025\/10\/Colla-nova-de-Castelldefels-1200x1415.png 1200w, https:\/\/araisemprecultura.cat\/wp-content\/uploads\/2025\/10\/Colla-nova-de-Castelldefels-1980x2335.png 1980w\" sizes=\"(max-width: 868px) 100vw, 868px\" \/><\/figure>\n","protected":false},"featured_media":0,"template":"","poi_category":[22],"class_list":["post-6721","poi","type-poi","status-publish","hentry"],"acf":[],"yoast_head":"<!-- This site is optimized with the Yoast SEO plugin v21.8 - https:\/\/yoast.com\/wordpress\/plugins\/seo\/ -->\n<title>Colla Nova de Bastons de Castelldefels - ARA I SEMPRE<\/title>\n<meta name=\"robots\" content=\"index, follow, max-snippet:-1, max-image-preview:large, max-video-preview:-1\" \/>\n<link rel=\"canonical\" href=\"https:\/\/araisemprecultura.cat\/index.php\/pois\/colla-nova-de-bastons-de-castelldefels\/\" \/>\n<meta property=\"og:locale\" content=\"ca_ES\" \/>\n<meta property=\"og:type\" content=\"article\" \/>\n<meta property=\"og:title\" content=\"Colla Nova de Bastons de Castelldefels - ARA I SEMPRE\" \/>\n<meta property=\"og:description\" content=\"Dades b\u00e0siques Comarca: Baix Llobregat Any de creaci\u00f3: 2004 Motiu pel qual ballem Fa m\u00e9s de vint anys que actuem en les nostres festes majors i aplecs, i en trobades culturals per tota Catalunya. A m\u00e9s, hem apadrinat i ajudat a formar altres colles de Bastons com per exemple els bastoners de Sant Climent del [&hellip;]\" \/>\n<meta property=\"og:url\" content=\"https:\/\/araisemprecultura.cat\/index.php\/pois\/colla-nova-de-bastons-de-castelldefels\/\" \/>\n<meta property=\"og:site_name\" content=\"ARA I SEMPRE\" \/>\n<meta property=\"article:modified_time\" content=\"2025-10-12T11:08:25+00:00\" \/>\n<meta property=\"og:image\" content=\"https:\/\/araisemprecultura.cat\/wp-content\/uploads\/2025\/10\/Colla-nova-de-Castelldefels-868x1024.png\" \/>\n<meta name=\"twitter:card\" content=\"summary_large_image\" \/>\n<meta name=\"twitter:label1\" content=\"Temps estimat de lectura\" \/>\n\t<meta name=\"twitter:data1\" content=\"2 minuts\" \/>\n<script type=\"application\/ld+json\" class=\"yoast-schema-graph\">{\"@context\":\"https:\/\/schema.org\",\"@graph\":[{\"@type\":\"WebPage\",\"@id\":\"https:\/\/araisemprecultura.cat\/index.php\/pois\/colla-nova-de-bastons-de-castelldefels\/\",\"url\":\"https:\/\/araisemprecultura.cat\/index.php\/pois\/colla-nova-de-bastons-de-castelldefels\/\",\"name\":\"Colla Nova de Bastons de Castelldefels - ARA I SEMPRE\",\"isPartOf\":{\"@id\":\"https:\/\/araisemprecultura.cat\/#website\"},\"datePublished\":\"2025-10-03T16:05:32+00:00\",\"dateModified\":\"2025-10-12T11:08:25+00:00\",\"breadcrumb\":{\"@id\":\"https:\/\/araisemprecultura.cat\/index.php\/pois\/colla-nova-de-bastons-de-castelldefels\/#breadcrumb\"},\"inLanguage\":\"ca\",\"potentialAction\":[{\"@type\":\"ReadAction\",\"target\":[\"https:\/\/araisemprecultura.cat\/index.php\/pois\/colla-nova-de-bastons-de-castelldefels\/\"]}]},{\"@type\":\"BreadcrumbList\",\"@id\":\"https:\/\/araisemprecultura.cat\/index.php\/pois\/colla-nova-de-bastons-de-castelldefels\/#breadcrumb\",\"itemListElement\":[{\"@type\":\"ListItem\",\"position\":1,\"name\":\"Inici\",\"item\":\"https:\/\/araisemprecultura.cat\/\"},{\"@type\":\"ListItem\",\"position\":2,\"name\":\"POIs\",\"item\":\"https:\/\/araisemprecultura.cat\/index.php\/pois\/\"},{\"@type\":\"ListItem\",\"position\":3,\"name\":\"Colla Nova de Bastons de Castelldefels\"}]},{\"@type\":\"WebSite\",\"@id\":\"https:\/\/araisemprecultura.cat\/#website\",\"url\":\"https:\/\/araisemprecultura.cat\/\",\"name\":\"ARA I SEMPRE\",\"description\":\"\",\"publisher\":{\"@id\":\"https:\/\/araisemprecultura.cat\/#organization\"},\"potentialAction\":[{\"@type\":\"SearchAction\",\"target\":{\"@type\":\"EntryPoint\",\"urlTemplate\":\"https:\/\/araisemprecultura.cat\/?s={search_term_string}\"},\"query-input\":\"required name=search_term_string\"}],\"inLanguage\":\"ca\"},{\"@type\":\"Organization\",\"@id\":\"https:\/\/araisemprecultura.cat\/#organization\",\"name\":\"ARA I SEMPRE\",\"url\":\"https:\/\/araisemprecultura.cat\/\",\"logo\":{\"@type\":\"ImageObject\",\"inLanguage\":\"ca\",\"@id\":\"https:\/\/araisemprecultura.cat\/#\/schema\/logo\/image\/\",\"url\":\"https:\/\/araisemprecultura.cat\/wp-content\/uploads\/2022\/02\/Disseny-imatge-ara-i-sempre-161.png\",\"contentUrl\":\"https:\/\/araisemprecultura.cat\/wp-content\/uploads\/2022\/02\/Disseny-imatge-ara-i-sempre-161.png\",\"width\":\"1962\",\"height\":\"713\",\"caption\":\"ARA I SEMPRE\"},\"image\":{\"@id\":\"https:\/\/araisemprecultura.cat\/#\/schema\/logo\/image\/\"}}]}<\/script>\n<!-- \/ Yoast SEO plugin. -->","yoast_head_json":{"title":"Colla Nova de Bastons de Castelldefels - ARA I SEMPRE","robots":{"index":"index","follow":"follow","max-snippet":"max-snippet:-1","max-image-preview":"max-image-preview:large","max-video-preview":"max-video-preview:-1"},"canonical":"https:\/\/araisemprecultura.cat\/index.php\/pois\/colla-nova-de-bastons-de-castelldefels\/","og_locale":"ca_ES","og_type":"article","og_title":"Colla Nova de Bastons de Castelldefels - ARA I SEMPRE","og_description":"Dades b\u00e0siques Comarca: Baix Llobregat Any de creaci\u00f3: 2004 Motiu pel qual ballem Fa m\u00e9s de vint anys que actuem en les nostres festes majors i aplecs, i en trobades culturals per tota Catalunya. A m\u00e9s, hem apadrinat i ajudat a formar altres colles de Bastons com per exemple els bastoners de Sant Climent del [&hellip;]","og_url":"https:\/\/araisemprecultura.cat\/index.php\/pois\/colla-nova-de-bastons-de-castelldefels\/","og_site_name":"ARA I SEMPRE","article_modified_time":"2025-10-12T11:08:25+00:00","og_image":[{"url":"https:\/\/araisemprecultura.cat\/wp-content\/uploads\/2025\/10\/Colla-nova-de-Castelldefels-868x1024.png"}],"twitter_card":"summary_large_image","twitter_misc":{"Temps estimat de lectura":"2 minuts"},"schema":{"@context":"https:\/\/schema.org","@graph":[{"@type":"WebPage","@id":"https:\/\/araisemprecultura.cat\/index.php\/pois\/colla-nova-de-bastons-de-castelldefels\/","url":"https:\/\/araisemprecultura.cat\/index.php\/pois\/colla-nova-de-bastons-de-castelldefels\/","name":"Colla Nova de Bastons de Castelldefels - ARA I SEMPRE","isPartOf":{"@id":"https:\/\/araisemprecultura.cat\/#website"},"datePublished":"2025-10-03T16:05:32+00:00","dateModified":"2025-10-12T11:08:25+00:00","breadcrumb":{"@id":"https:\/\/araisemprecultura.cat\/index.php\/pois\/colla-nova-de-bastons-de-castelldefels\/#breadcrumb"},"inLanguage":"ca","potentialAction":[{"@type":"ReadAction","target":["https:\/\/araisemprecultura.cat\/index.php\/pois\/colla-nova-de-bastons-de-castelldefels\/"]}]},{"@type":"BreadcrumbList","@id":"https:\/\/araisemprecultura.cat\/index.php\/pois\/colla-nova-de-bastons-de-castelldefels\/#breadcrumb","itemListElement":[{"@type":"ListItem","position":1,"name":"Inici","item":"https:\/\/araisemprecultura.cat\/"},{"@type":"ListItem","position":2,"name":"POIs","item":"https:\/\/araisemprecultura.cat\/index.php\/pois\/"},{"@type":"ListItem","position":3,"name":"Colla Nova de Bastons de Castelldefels"}]},{"@type":"WebSite","@id":"https:\/\/araisemprecultura.cat\/#website","url":"https:\/\/araisemprecultura.cat\/","name":"ARA I SEMPRE","description":"","publisher":{"@id":"https:\/\/araisemprecultura.cat\/#organization"},"potentialAction":[{"@type":"SearchAction","target":{"@type":"EntryPoint","urlTemplate":"https:\/\/araisemprecultura.cat\/?s={search_term_string}"},"query-input":"required name=search_term_string"}],"inLanguage":"ca"},{"@type":"Organization","@id":"https:\/\/araisemprecultura.cat\/#organization","name":"ARA I SEMPRE","url":"https:\/\/araisemprecultura.cat\/","logo":{"@type":"ImageObject","inLanguage":"ca","@id":"https:\/\/araisemprecultura.cat\/#\/schema\/logo\/image\/","url":"https:\/\/araisemprecultura.cat\/wp-content\/uploads\/2022\/02\/Disseny-imatge-ara-i-sempre-161.png","contentUrl":"https:\/\/araisemprecultura.cat\/wp-content\/uploads\/2022\/02\/Disseny-imatge-ara-i-sempre-161.png","width":"1962","height":"713","caption":"ARA I SEMPRE"},"image":{"@id":"https:\/\/araisemprecultura.cat\/#\/schema\/logo\/image\/"}}]}},"_links":{"self":[{"href":"https:\/\/araisemprecultura.cat\/index.php\/wp-json\/wp\/v2\/poi\/6721","targetHints":{"allow":["GET"]}}],"collection":[{"href":"https:\/\/araisemprecultura.cat\/index.php\/wp-json\/wp\/v2\/poi"}],"about":[{"href":"https:\/\/araisemprecultura.cat\/index.php\/wp-json\/wp\/v2\/types\/poi"}],"wp:attachment":[{"href":"https:\/\/araisemprecultura.cat\/index.php\/wp-json\/wp\/v2\/media?parent=6721"}],"wp:term":[{"taxonomy":"poi_category","embeddable":true,"href":"https:\/\/araisemprecultura.cat\/index.php\/wp-json\/wp\/v2\/poi_category?post=6721"}],"curies":[{"name":"wp","href":"https:\/\/api.w.org\/{rel}","templated":true}]}}

<!-- Dades bàsiques -->
<section>
  <h2>Dades bàsiques</h2>
  <ul>
    <li><strong>Comarca:</strong> Baix Llobregat</li>
    <li><strong>Any de creació:</strong> 2004</li>
  </ul>
</section>

<!-- Motiu -->
<section>
  <h2>Motiu pel qual ballem</h2>
  <p>
    Fa més de vint anys que actuem en les nostres festes majors i aplecs, i en trobades culturals per tota Catalunya. 
    A més, hem apadrinat i ajudat a formar altres colles de Bastons com per exemple els bastoners de Sant Climent del Llobregat, 
    els Paltrucs de Banyoles o les Esventades de Molins de Rei.
  </p>
</section>

<!-- Calendari -->
<section>
  <h2>Calendari</h2>
  <ul>
    <li><strong>Període d’assajos:</strong> de febrer a novembre</li>
    <li><strong>Període d’actuacions:</strong> de març a desembre, excepte juliol</li>
  </ul>
</section>

<!-- Actuacions fixes -->
<section>
  <h2>Actuacions fixes a l’any</h2>
  <ul>
    <li>Aplec de Bruguers: juny</li>
    <li>Festa Major d’estiu: 14 i 15 d’agost</li>
    <li>Trobada de Castelldefels: setembre</li>
    <li>Festa Major d’hivern: 7 i 8 de desembre</li>
  </ul>
</section>

<!-- Repertori -->
<section>
  <h2>Repertori</h2>
  <p>Els nostres 5 balls més característics són:</p>
  <ul>
    <li>Entrevinyes</li>
    <li>Creus en Festa</li>
    <li>Rumbeta Bastonera</li>
    <li>El Cap de la Vila</li>
    <li>Ball del Compromís</li>
  </ul>
</section>

<!-- Perfil de dansaires -->
<section>
  <h2>Perfil de dansaires</h2>

  <h3>Gènere</h3>
  <ul style="list-style:none; padding:0; margin:0;">
    <li><span style="color:#cf7268">■</span> Dones: 52%</li>
    <li><span style="color:#e39b6b">■</span> Homes: 48%</li>
    <li><span style="color:#d2c58a">■</span> No binari: 0%</li>
  </ul>

  <h3>Edat</h3>
  <ul style="list-style:none; padding:0; margin:0;">
    <li><span style="color:#87ca79">■</span> -16: 0%</li>
    <li><span style="color:#8aa7c8">■</span> 16-35: 88%</li>
    <li><span style="color:#b16eb1">■</span> 35-65: 12%</li>
    <li><span style="color:#de9ac9">■</span> +65: 0%</li>
  </ul>
</section>



<figure class="wp-block-image size-large"><img fetchpriority="high" decoding="async" width="868" height="1024" src="https://araisemprecultura.cat/wp-content/uploads/2025/10/Colla-nova-de-Castelldefels-868x1024.png" alt="" class="wp-image-6883" srcset="https://araisemprecultura.cat/wp-content/uploads/2025/10/Colla-nova-de-Castelldefels-868x1024.png 868w, https://araisemprecultura.cat/wp-content/uploads/2025/10/Colla-nova-de-Castelldefels-254x300.png 254w, https://araisemprecultura.cat/wp-content/uploads/2025/10/Colla-nova-de-Castelldefels-768x906.png 768w, https://araisemprecultura.cat/wp-content/uploads/2025/10/Colla-nova-de-Castelldefels-1303x1536.png 1303w, https://araisemprecultura.cat/wp-content/uploads/2025/10/Colla-nova-de-Castelldefels-1737x2048.png 1737w, https://araisemprecultura.cat/wp-content/uploads/2025/10/Colla-nova-de-Castelldefels-1200x1415.png 1200w, https://araisemprecultura.cat/wp-content/uploads/2025/10/Colla-nova-de-Castelldefels-1980x2335.png 1980w" sizes="(max-width: 868px) 100vw, 868px" /></figure>

<!-- This site is optimized with the Yoast SEO plugin v21.8 - https://yoast.com/wordpress/plugins/seo/ -->
<title>Colla Nova de Bastons de Castelldefels - ARA I SEMPRE</title>
<meta name="robots" content="index, follow, max-snippet:-1, max-image-preview:large, max-video-preview:-1" />
<link rel="canonical" href="https://araisemprecultura.cat/index.php/pois/colla-nova-de-bastons-de-castelldefels/" />
<meta property="og:locale" content="ca_ES" />
<meta property="og:type" content="article" />
<meta property="og:title" content="Colla Nova de Bastons de Castelldefels - ARA I SEMPRE" />
<meta property="og:description" content="Dades bàsiques Comarca: Baix Llobregat Any de creació: 2004 Motiu pel qual ballem Fa més de vint anys que actuem en les nostres festes majors i aplecs, i en trobades culturals per tota Catalunya. A més, hem apadrinat i ajudat a formar altres colles de Bastons com per exemple els bastoners de Sant Climent del [&hellip;]" />
<meta property="og:url" content="https://araisemprecultura.cat/index.php/pois/colla-nova-de-bastons-de-castelldefels/" />
<meta property="og:site_name" content="ARA I SEMPRE" />
<meta property="article:modified_time" content="2025-10-12T11:08:25+00:00" />
<meta property="og:image" content="https://araisemprecultura.cat/wp-content/uploads/2025/10/Colla-nova-de-Castelldefels-868x1024.png" />
<meta name="twitter:card" content="summary_large_image" />
<meta name="twitter:label1" content="Temps estimat de lectura" />
	<meta name="twitter:data1" content="2 minuts" />
<script type="application/ld+json" class="yoast-schema-graph">{"@context":"https://schema.org","@graph":[{"@type":"WebPage","@id":"https://araisemprecultura.cat/index.php/pois/colla-nova-de-bastons-de-castelldefels/","url":"https://araisemprecultura.cat/index.php/pois/colla-nova-de-bastons-de-castelldefels/","name":"Colla Nova de Bastons de Castelldefels - ARA I SEMPRE","isPartOf":{"@id":"https://araisemprecultura.cat/#website"},"datePublished":"2025-10-03T16:05:32+00:00","dateModified":"2025-10-12T11:08:25+00:00","breadcrumb":{"@id":"https://araisemprecultura.cat/index.php/pois/colla-nova-de-bastons-de-castelldefels/#breadcrumb"},"inLanguage":"ca","potentialAction":[{"@type":"ReadAction","target":["https://araisemprecultura.cat/index.php/pois/colla-nova-de-bastons-de-castelldefels/"]}]},{"@type":"BreadcrumbList","@id":"https://araisemprecultura.cat/index.php/pois/colla-nova-de-bastons-de-castelldefels/#breadcrumb","itemListElement":[{"@type":"ListItem","position":1,"name":"Inici","item":"https://araisemprecultura.cat/"},{"@type":"ListItem","position":2,"name":"POIs","item":"https://araisemprecultura.cat/index.php/pois/"},{"@type":"ListItem","position":3,"name":"Colla Nova de Bastons de Castelldefels"}]},{"@type":"WebSite","@id":"https://araisemprecultura.cat/#website","url":"https://araisemprecultura.cat/","name":"ARA I SEMPRE","description":"","publisher":{"@id":"https://araisemprecultura.cat/#organization"},"potentialAction":[{"@type":"SearchAction","target":{"@type":"EntryPoint","urlTemplate":"https://araisemprecultura.cat/?s={search_term_string}"},"query-input":"required name=search_term_string"}],"inLanguage":"ca"},{"@type":"Organization","@id":"https://araisemprecultura.cat/#organization","name":"ARA I SEMPRE","url":"https://araisemprecultura.cat/","logo":{"@type":"ImageObject","inLanguage":"ca","@id":"https://araisemprecultura.cat/#/schema/logo/image/","url":"https://araisemprecultura.cat/wp-content/uploads/2022/02/Disseny-imatge-ara-i-sempre-161.png","contentUrl":"https://araisemprecultura.cat/wp-content/uploads/2022/02/Disseny-imatge-ara-i-sempre-161.png","width":"1962","height":"713","caption":"ARA I SEMPRE"},"image":{"@id":"https://araisemprecultura.cat/#/schema/logo/image/"}}]}</script>
<!-- / Yoast SEO plugin. -->

Dades bàsiques Comarca: Baix Llobregat Any de creació: 2004 Motiu pel qual ballem Fa més de vint anys que actuem en les nostres festes majors i aplecs, i en trobades culturals per tota Catalunya. A més, hem apadrinat i ajudat a formar altres colles de Bastons com per exemple els bastoners de Sant Climent del [&hellip;]
